{"version":"1.0","provider_name":"Puerto de Concepci\u00f3n del Uruguay","provider_url":"https:\/\/www.puertocdelu.com.ar","author_name":"PuertoCdelU","author_url":"https:\/\/www.puertocdelu.com.ar\/index.php\/author\/hectordelos1\/","title":"El puerto sigue exportando mientras planifica diversificar las cargas - Puerto de Concepci\u00f3n del Uruguay","type":"rich","width":600,"height":338,"html":"<blockquote class=\"wp-embedded-content\" data-secret=\"yuatHj6zeD\"><a href=\"https:\/\/www.puertocdelu.com.ar\/index.php\/2024\/03\/14\/2711\/\">El puerto sigue exportando mientras planifica diversificar las cargas<\/a><\/blockquote><iframe sandbox=\"allow-scripts\" security=\"restricted\" src=\"https:\/\/www.puertocdelu.com.ar\/index.php\/2024\/03\/14\/2711\/embed\/#?secret=yuatHj6zeD\" width=\"600\" height=\"338\" title=\"\u00abEl puerto sigue exportando mientras planifica diversificar las cargas\u00bb \u2014 Puerto de Concepci\u00f3n del Uruguay\" data-secret=\"yuatHj6zeD\" frameborder=\"0\" marginwidth=\"0\" marginheight=\"0\" scrolling=\"no\" class=\"wp-embedded-content\"><\/iframe><script type=\"text\/javascript\">\n\/* <![CDATA[ *\/\n\/*! This file is auto-generated *\/\n!function(d,l){\"use strict\";l.querySelector&&d.addEventListener&&\"undefined\"!=typeof URL&&(d.wp=d.wp||{},d.wp.receiveEmbedMessage||(d.wp.receiveEmbedMessage=function(e){var t=e.data;if((t||t.secret||t.message||t.value)&&!\/[^a-zA-Z0-9]\/.test(t.secret)){for(var s,r,n,a=l.querySelectorAll('iframe[data-secret=\"'+t.secret+'\"]'),o=l.querySelectorAll('blockquote[data-secret=\"'+t.secret+'\"]'),c=new RegExp(\"^https?:$\",\"i\"),i=0;i<o.length;i++)o[i].style.display=\"none\";for(i=0;i<a.length;i++)s=a[i],e.source===s.contentWindow&&(s.removeAttribute(\"style\"),\"height\"===t.message?(1e3<(r=parseInt(t.value,10))?r=1e3:~~r<200&&(r=200),s.height=r):\"link\"===t.message&&(r=new URL(s.getAttribute(\"src\")),n=new URL(t.value),c.test(n.protocol))&&n.host===r.host&&l.activeElement===s&&(d.top.location.href=t.value))}},d.addEventListener(\"message\",d.wp.receiveEmbedMessage,!1),l.addEventListener(\"DOMContentLoaded\",function(){for(var e,t,s=l.querySelectorAll(\"iframe.wp-embedded-content\"),r=0;r<s.length;r++)(t=(e=s[r]).getAttribute(\"data-secret\"))||(t=Math.random().toString(36).substring(2,12),e.src+=\"#?secret=\"+t,e.setAttribute(\"data-secret\",t)),e.contentWindow.postMessage({message:\"ready\",secret:t},\"*\")},!1)))}(window,document);\n\/\/# sourceURL=https:\/\/www.puertocdelu.com.ar\/wp-includes\/js\/wp-embed.min.js\n\/* ]]> *\/\n<\/script>\n","thumbnail_url":"https:\/\/www.puertocdelu.com.ar\/wp-content\/uploads\/2024\/03\/AFRICAN-GROUSE-01-scaled.jpg","thumbnail_width":2560,"thumbnail_height":1444,"description":"Los puertos entrerrianos contin\u00faan fortaleciendo el perfil exportador de la regi\u00f3n sumando embarques de manera sostenida todas las semanas. Hace pocos d\u00edas termin\u00f3 de completar su carga el buque Pavina Naree en el puerto de Ibicuy luego de haber cargado en Concepci\u00f3n del Uruguay, mientras que este martes martes 12 de marzo, hizo su arrib\u00f3 [&hellip;]"}

Puerto de Concepción del Uruguay

El puerto sigue exportando mientras planifica diversificar las cargas - Puerto de Concepción del Uruguay

<blockquote class="wp-embedded-content" data-secret="yuatHj6zeD"><a href="https://www.puertocdelu.com.ar/index.php/2024/03/14/2711/">El puerto sigue exportando mientras planifica diversificar las cargas</a></blockquote><iframe sandbox="allow-scripts" security="restricted" src="https://www.puertocdelu.com.ar/index.php/2024/03/14/2711/embed/#?secret=yuatHj6zeD" width="600" height="338" title="«El puerto sigue exportando mientras planifica diversificar las cargas» — Puerto de Concepción del Uruguay" data-secret="yuatHj6zeD" frameborder="0" marginwidth="0" marginheight="0" scrolling="no" class="wp-embedded-content"></iframe><script type="text/javascript">
/* <![CDATA[ */
/*! This file is auto-generated */
!function(d,l){"use strict";l.querySelector&&d.addEventListener&&"undefined"!=typeof URL&&(d.wp=d.wp||{},d.wp.receiveEmbedMessage||(d.wp.receiveEmbedMessage=function(e){var t=e.data;if((t||t.secret||t.message||t.value)&&!/[^a-zA-Z0-9]/.test(t.secret)){for(var s,r,n,a=l.querySelectorAll('iframe[data-secret="'+t.secret+'"]'),o=l.querySelectorAll('blockquote[data-secret="'+t.secret+'"]'),c=new RegExp("^https?:$","i"),i=0;i<o.length;i++)o[i].style.display="none";for(i=0;i<a.length;i++)s=a[i],e.source===s.contentWindow&&(s.removeAttribute("style"),"height"===t.message?(1e3<(r=parseInt(t.value,10))?r=1e3:~~r<200&&(r=200),s.height=r):"link"===t.message&&(r=new URL(s.getAttribute("src")),n=new URL(t.value),c.test(n.protocol))&&n.host===r.host&&l.activeElement===s&&(d.top.location.href=t.value))}},d.addEventListener("message",d.wp.receiveEmbedMessage,!1),l.addEventListener("DOMContentLoaded",function(){for(var e,t,s=l.querySelectorAll("iframe.wp-embedded-content"),r=0;r<s.length;r++)(t=(e=s[r]).getAttribute("data-secret"))||(t=Math.random().toString(36).substring(2,12),e.src+="#?secret="+t,e.setAttribute("data-secret",t)),e.contentWindow.postMessage({message:"ready",secret:t},"*")},!1)))}(window,document);
//# sourceURL=https://www.puertocdelu.com.ar/wp-includes/js/wp-embed.min.js
/* ]]> */
</script>

Los puertos entrerrianos continúan fortaleciendo el perfil exportador de la región sumando embarques de manera sostenida todas las semanas. Hace pocos días terminó de completar su carga el buque Pavina Naree en el puerto de Ibicuy luego de haber cargado en Concepción del Uruguay, mientras que este martes martes 12 de marzo, hizo su arribó [&hellip;]
